{"id":59,"date":"2015-10-23T15:35:04","date_gmt":"2015-10-23T13:35:04","guid":{"rendered":"http:\/\/www.agrarhof.at\/?page_id=59"},"modified":"2019-08-12T13:56:48","modified_gmt":"2019-08-12T11:56:48","slug":"ueber-uns","status":"publish","type":"page","link":"https:\/\/agrarhof.at\/index.php\/ueber-uns\/","title":{"rendered":"\u00dcber uns"},"content":{"rendered":"<p>Das Agrarservice Holzinger e. U. ist ein Familienbetrieb, der von Ing. Franz Holzinger aufgebaut wurde.<\/p>\n<p>Derzeit sind zwei Mitarbeiter bei uns besch\u00e4ftigt, die uns tatkr\u00e4ftig unterst\u00fctzen\u00a0und uns haupts\u00e4chlich in der\u00a0Hochsaison, der Erntezeit, zur Seite stehen.\u00a0Auch die Familie steht immer zur Verf\u00fcgung um diverse Arbeiten, wie das Vorfahren oder B\u00fcroarbeiten zu erledigen.<\/p>\n<table>\n<tbody>\n<tr>\n<td>\n<p><div id=\"attachment_341\" style=\"width: 210px\" class=\"wp-caption aligncenter\"><img loading=\"lazy\" decoding=\"async\" aria-describedby=\"caption-attachment-341\" class=\"wp-image-341 size-medium\" src=\"http:\/\/www.agrarhof.at\/wp-content\/uploads\/2015\/10\/IMG_6626-200x300.jpg\" alt=\"Ing. Franz Holzinger, Gr\u00fcnder\" width=\"200\" height=\"300\" srcset=\"https:\/\/agrarhof.at\/wp-content\/uploads\/2015\/10\/IMG_6626-200x300.jpg 200w, https:\/\/agrarhof.at\/wp-content\/uploads\/2015\/10\/IMG_6626-683x1024.jpg 683w, https:\/\/agrarhof.at\/wp-content\/uploads\/2015\/10\/IMG_6626-624x936.jpg 624w\" sizes=\"(max-width: 200px) 100vw, 200px\" \/><p id=\"caption-attachment-341\" class=\"wp-caption-text\">Ing. Franz Holzinger, Gr\u00fcnder<\/p><\/div><\/td>\n<td>\n<p><div id=\"attachment_340\" style=\"width: 210px\" class=\"wp-caption aligncenter\"><img loading=\"lazy\" decoding=\"async\" aria-describedby=\"caption-attachment-340\" class=\"wp-image-340 size-medium\" src=\"http:\/\/www.agrarhof.at\/wp-content\/uploads\/2015\/10\/IMG_6620-200x300.jpg\" alt=\"Gregor Holzinger, Sohn und Mitarbeiter\" width=\"200\" height=\"300\" srcset=\"https:\/\/agrarhof.at\/wp-content\/uploads\/2015\/10\/IMG_6620-200x300.jpg 200w, https:\/\/agrarhof.at\/wp-content\/uploads\/2015\/10\/IMG_6620-683x1024.jpg 683w, https:\/\/agrarhof.at\/wp-content\/uploads\/2015\/10\/IMG_6620-624x936.jpg 624w\" sizes=\"(max-width: 200px) 100vw, 200px\" \/><p id=\"caption-attachment-340\" class=\"wp-caption-text\">Gregor Holzinger, Gesch\u00e4ftsf\u00fchrer<\/p><\/div><\/td>\n<\/tr>\n<\/tbody>\n<\/table>\n<p>Nehmen Sie sich ein bisschen Zeit f\u00fcr die folgenden Familienfotos.<br \/>\nFotos: Anneliese und Franz, Gregor, Astrid, Vera und Silvia Holzinger<\/p>\n<div id=\"metaslider-id-365\" style=\"width: 100%; margin: 0 auto;\" class=\"ml-slider-3-96-0 metaslider metaslider-flex metaslider-365 ml-slider ms-theme-default nav-hidden\" role=\"region\" aria-roledescription=\"Slideshow\" aria-label=\"Familienfotos\">\n    <div id=\"metaslider_container_365\">\n        <div id=\"metaslider_365\">\n            <ul class='slides'>\n                <li style=\"display: block; width: 100%;\" class=\"slide-377 ms-image \" aria-roledescription=\"slide\" aria-label=\"slide-377\" data-date=\"2015-12-07 15:53:02\"><img loading=\"lazy\" decoding=\"async\" src=\"https:\/\/agrarhof.at\/wp-content\/uploads\/2015\/12\/IMG_6613_slider.jpg\" height=\"500\" width=\"900\" alt=\"Anneliese und Franz Holzinger\" class=\"slider-365 slide-377\" title=\"Anneliese und Franz Holzinger\" \/><\/li>\n                <li style=\"display: none; width: 100%;\" class=\"slide-378 ms-image \" aria-roledescription=\"slide\" aria-label=\"slide-378\" data-date=\"2015-12-07 15:53:16\"><img loading=\"lazy\" decoding=\"async\" src=\"https:\/\/agrarhof.at\/wp-content\/uploads\/2015\/12\/IMG_6641_slider.jpg\" height=\"500\" width=\"900\" alt=\"Familie Holzinger\" class=\"slider-365 slide-378\" title=\"Familie Holzinger\" \/><\/li>\n                <li style=\"display: none; width: 100%;\" class=\"slide-379 ms-image \" aria-roledescription=\"slide\" aria-label=\"slide-379\" data-date=\"2015-12-07 15:53:39\"><img loading=\"lazy\" decoding=\"async\" src=\"https:\/\/agrarhof.at\/wp-content\/uploads\/2015\/12\/IMG_6646_slider.jpg\" height=\"500\" width=\"900\" alt=\"Familie Holzinger\" class=\"slider-365 slide-379\" title=\"Familie Holzinger\" \/><\/li>\n                <li style=\"display: none; width: 100%;\" class=\"slide-376 ms-image \" aria-roledescription=\"slide\" aria-label=\"slide-376\" data-date=\"2015-12-07 15:46:09\"><img loading=\"lazy\" decoding=\"async\" src=\"https:\/\/agrarhof.at\/wp-content\/uploads\/2015\/12\/IMG_6660_slider.jpg\" height=\"500\" width=\"900\" alt=\"www.agrarhof.at\" class=\"slider-365 slide-376\" title=\"www.agrarhof.at\" \/><\/li>\n            <\/ul>\n        <\/div>\n        \n    <\/div>\n<\/div>\n","protected":false},"excerpt":{"rendered":"<p>Das Agrarservice Holzinger e. U. ist ein Familienbetrieb, der von Ing. Franz Holzinger aufgebaut wurde. Derzeit sind zwei Mitarbeiter bei uns besch\u00e4ftigt, die uns tatkr\u00e4ftig unterst\u00fctzen\u00a0und uns haupts\u00e4chlich in der\u00a0Hochsaison, der Erntezeit, zur Seite stehen.\u00a0Auch die Familie steht immer zur Verf\u00fcgung um diverse Arbeiten, wie das Vorfahren oder B\u00fcroarbeiten zu erledigen. Nehmen Sie sich ein bisschen Zeit f\u00fcr die folgenden&#8230; <a href=\"https:\/\/agrarhof.at\/index.php\/ueber-uns\/\">Read more &raquo;<\/a><\/p>\n","protected":false},"author":1,"featured_media":0,"parent":0,"menu_order":3,"comment_status":"closed","ping_status":"closed","template":"","meta":{"footnotes":""},"_links":{"self":[{"href":"https:\/\/agrarhof.at\/index.php\/wp-json\/wp\/v2\/pages\/59"}],"collection":[{"href":"https:\/\/agrarhof.at\/index.php\/wp-json\/wp\/v2\/pages"}],"about":[{"href":"https:\/\/agrarhof.at\/index.php\/wp-json\/wp\/v2\/types\/page"}],"author":[{"embeddable":true,"href":"https:\/\/agrarhof.at\/index.php\/wp-json\/wp\/v2\/users\/1"}],"replies":[{"embeddable":true,"href":"https:\/\/agrarhof.at\/index.php\/wp-json\/wp\/v2\/comments?post=59"}],"version-history":[{"count":42,"href":"https:\/\/agrarhof.at\/index.php\/wp-json\/wp\/v2\/pages\/59\/revisions"}],"predecessor-version":[{"id":507,"href":"https:\/\/agrarhof.at\/index.php\/wp-json\/wp\/v2\/pages\/59\/revisions\/507"}],"wp:attachment":[{"href":"https:\/\/agrarhof.at\/index.php\/wp-json\/wp\/v2\/media?parent=59"}],"curies":[{"name":"wp","href":"https:\/\/api.w.org\/{rel}","templated":true}]}}